{"id":531,"date":"2020-04-22T12:53:25","date_gmt":"2020-04-22T10:53:25","guid":{"rendered":"https:\/\/www.arche-erlangen.de\/WP\/?page_id=531"},"modified":"2020-07-10T11:31:32","modified_gmt":"2020-07-10T09:31:32","slug":"links","status":"publish","type":"page","link":"https:\/\/www.arche-erlangen.de\/WP\/infos\/links\/","title":{"rendered":"Links"},"content":{"rendered":"<p>[et_pb_section fb_built=&#8220;1&#8243; _builder_version=&#8220;4.0.6&#8243;][et_pb_row _builder_version=&#8220;4.0.6&#8243;][et_pb_column _builder_version=&#8220;4.0.6&#8243; type=&#8220;4_4&#8243;][et_pb_text _builder_version=&#8220;4.0.6&#8243; hover_enabled=&#8220;0&#8243;]<\/p>\n<ul>\n<li><a href=\"http:\/\/www.g-e-h.de\/\" target=\"_blank\" rel=\"noopener noreferrer\">www.g-e-h.de<\/a><\/li>\n<li><a href=\"http:\/\/www.save-foundation.net\/\" target=\"_blank\" rel=\"noopener noreferrer\">www.save-foundation.net<\/a><\/li>\n<li><a href=\"http:\/\/www.elbarn.net\/elbarn\" target=\"_blank\" rel=\"noopener noreferrer\">www.elbarn.net\/elbarn<\/a><\/li>\n<li><a href=\"http:\/\/www.vieh-ev.de\/\" target=\"_blank\" rel=\"noopener noreferrer\">www.vieh-ev.de<\/a><\/li>\n<li><a href=\"http:\/\/www.soziale-landwirtschaft.de\/\" target=\"_blank\" rel=\"noopener noreferrer\">www.soziale-landwirtschaft.de<\/a><\/li>\n<li><a href=\"https:\/\/www.altes-handwerk.ch\/\" target=\"_blank\" rel=\"noopener noreferrer\">www.altes-handwerk.ch<\/a><\/li>\n<li><a href=\"https:\/\/www.nutzpflanzenvielfalt.de\" target=\"_blank\" rel=\"noopener noreferrer\">www.nutzpflanzenvielfalt.de<\/a><\/li>\n<li><a href=\"https:\/\/www.nutzpflanzenvielfalt.de\/werben-sie-f%c3%bcr-uns-auf-ihrer-internetseite\" target=\"_blank\" rel=\"noopener noreferrer\">www.nutzpflanzenvielfalt.de\/werben-sie-f\u00fcr-uns-auf-ihrer-internetseite<\/a><\/li>\n<li><a href=\"https:\/\/www.arche-erlangen.de\/WP\/wp-content\/uploads\/2020\/07\/Tierrassen.pdf\" rel=\"attachment wp-att-2914\">Fast vollst\u00e4ndige Liste mit gef\u00e4hrdeten Nutztierrassen<\/a><\/li>\n<li><a href=\"https:\/\/www.arche-erlangen.de\/WP\/wp-content\/uploads\/2020\/07\/broschuerenetzwerk_bayern.pdf\" rel=\"attachment wp-att-2913\">Brosch\u00fcre Soziale Landwirtschaft in Bayern mit Beitrag der Arche<\/a><\/li>\n<\/ul>\n<p>[\/et_pb_text][\/et_pb_column][\/et_pb_row][\/et_pb_section]<\/p>\n","protected":false},"excerpt":{"rendered":"<p>www.g-e-h.de www.save-foundation.net www.elbarn.net\/elbarn www.vieh-ev.de www.soziale-landwirtschaft.de www.altes-handwerk.ch www.nutzpflanzenvielfalt.de www.nutzpflanzenvielfalt.de\/werben-sie-f\u00fcr-uns-auf-ihrer-internetseite Fast vollst\u00e4ndige Liste mit gef\u00e4hrdeten Nutztierrassen Brosch\u00fcre Soziale Landwirtschaft in Bayern mit Beitrag der Arche<\/p>\n","protected":false},"author":2,"featured_media":0,"parent":27,"menu_order":0,"comment_status":"closed","ping_status":"closed","template":"","meta":{"_et_pb_use_builder":"on","_et_pb_old_content":"<!-- wp:divi\/placeholder \/-->","_et_gb_content_width":"","footnotes":""},"class_list":["post-531","page","type-page","status-publish","hentry"],"_links":{"self":[{"href":"https:\/\/www.arche-erlangen.de\/WP\/wp-json\/wp\/v2\/pages\/531","targetHints":{"allow":["GET"]}}],"collection":[{"href":"https:\/\/www.arche-erlangen.de\/WP\/wp-json\/wp\/v2\/pages"}],"about":[{"href":"https:\/\/www.arche-erlangen.de\/WP\/wp-json\/wp\/v2\/types\/page"}],"author":[{"embeddable":true,"href":"https:\/\/www.arche-erlangen.de\/WP\/wp-json\/wp\/v2\/users\/2"}],"replies":[{"embeddable":true,"href":"https:\/\/www.arche-erlangen.de\/WP\/wp-json\/wp\/v2\/comments?post=531"}],"version-history":[{"count":3,"href":"https:\/\/www.arche-erlangen.de\/WP\/wp-json\/wp\/v2\/pages\/531\/revisions"}],"predecessor-version":[{"id":2915,"href":"https:\/\/www.arche-erlangen.de\/WP\/wp-json\/wp\/v2\/pages\/531\/revisions\/2915"}],"up":[{"embeddable":true,"href":"https:\/\/www.arche-erlangen.de\/WP\/wp-json\/wp\/v2\/pages\/27"}],"wp:attachment":[{"href":"https:\/\/www.arche-erlangen.de\/WP\/wp-json\/wp\/v2\/media?parent=531"}],"curies":[{"name":"wp","href":"https:\/\/api.w.org\/{rel}","templated":true}]}}

<p>[et_pb_section fb_built=&#8220;1&#8243; _builder_version=&#8220;4.0.6&#8243;][et_pb_row _builder_version=&#8220;4.0.6&#8243;][et_pb_column _builder_version=&#8220;4.0.6&#8243; type=&#8220;4_4&#8243;][et_pb_text _builder_version=&#8220;4.0.6&#8243; hover_enabled=&#8220;0&#8243;]</p>
<ul>
<li><a href="http://www.g-e-h.de/" target="_blank" rel="noopener noreferrer">www.g-e-h.de</a></li>
<li><a href="http://www.save-foundation.net/" target="_blank" rel="noopener noreferrer">www.save-foundation.net</a></li>
<li><a href="http://www.elbarn.net/elbarn" target="_blank" rel="noopener noreferrer">www.elbarn.net/elbarn</a></li>
<li><a href="http://www.vieh-ev.de/" target="_blank" rel="noopener noreferrer">www.vieh-ev.de</a></li>
<li><a href="http://www.soziale-landwirtschaft.de/" target="_blank" rel="noopener noreferrer">www.soziale-landwirtschaft.de</a></li>
<li><a href="https://www.altes-handwerk.ch/" target="_blank" rel="noopener noreferrer">www.altes-handwerk.ch</a></li>
<li><a href="https://www.nutzpflanzenvielfalt.de" target="_blank" rel="noopener noreferrer">www.nutzpflanzenvielfalt.de</a></li>
<li><a href="https://www.nutzpflanzenvielfalt.de/werben-sie-f%c3%bcr-uns-auf-ihrer-internetseite" target="_blank" rel="noopener noreferrer">www.nutzpflanzenvielfalt.de/werben-sie-für-uns-auf-ihrer-internetseite</a></li>
<li><a href="https://www.arche-erlangen.de/WP/wp-content/uploads/2020/07/Tierrassen.pdf" rel="attachment wp-att-2914">Fast vollständige Liste mit gefährdeten Nutztierrassen</a></li>
<li><a href="https://www.arche-erlangen.de/WP/wp-content/uploads/2020/07/broschuerenetzwerk_bayern.pdf" rel="attachment wp-att-2913">Broschüre Soziale Landwirtschaft in Bayern mit Beitrag der Arche</a></li>
</ul>
<p>[/et_pb_text][/et_pb_column][/et_pb_row][/et_pb_section]</p>

<p>www.g-e-h.de www.save-foundation.net www.elbarn.net/elbarn www.vieh-ev.de www.soziale-landwirtschaft.de www.altes-handwerk.ch www.nutzpflanzenvielfalt.de www.nutzpflanzenvielfalt.de/werben-sie-für-uns-auf-ihrer-internetseite Fast vollständige Liste mit gefährdeten Nutztierrassen Broschüre Soziale Landwirtschaft in Bayern mit Beitrag der Arche</p>
